{"id":876,"date":"2021-01-11T12:35:16","date_gmt":"2021-01-11T11:35:16","guid":{"rendered":"http:\/\/www.filipstad-hallefors.se\/korskyrkan\/?page_id=876"},"modified":"2021-01-11T12:35:07","modified_gmt":"2021-01-11T11:35:07","slug":"arkiv-gudstjanster","status":"publish","type":"page","link":"https:\/\/www.filipstad-hallefors.se\/korskyrkan\/?page_id=876","title":{"rendered":"Arkiv gudstj\u00e4nster"},"content":{"rendered":"<p>Peter Johansson 2021-01-10 &#8212; Givandets sj\u00e4lav\u00e5rd<\/p>\n<p><iframe loading=\"lazy\" title=\"Korskyrkan   Peter Johansson 20210110 Givandets Sj\u00e4lav\u00e5rd\" width=\"500\" height=\"281\" src=\"https:\/\/www.youtube.com\/embed\/GFE0L9l6K1M?feature=oembed\" frameborder=\"0\" allow=\"accelerometer; autoplay; clipboard-write; encrypted-media; gyroscope; picture-in-picture; web-share\" referrerpolicy=\"strict-origin-when-cross-origin\" allowfullscreen><\/iframe><\/p>\n<p>Ett ord p\u00e5 v\u00e4gen! Del 1 &#8211; 6\/1 2021, klicka p\u00e5 l\u00e4nken nedan!<\/p>\n<p><iframe loading=\"lazy\" title=\"Ett ord p\u00e5 v\u00e4gen del 1\" width=\"500\" height=\"281\" src=\"https:\/\/www.youtube.com\/embed\/4Pg0fnRBXyE?feature=oembed\" frameborder=\"0\" allow=\"accelerometer; autoplay; clipboard-write; encrypted-media; gyroscope; picture-in-picture; web-share\" referrerpolicy=\"strict-origin-when-cross-origin\" allowfullscreen><\/iframe><\/p>\n<p>Gudstj\u00e4nst i Korskyrkan, den 1 november 2020, klicka p\u00e5 l\u00e4nken nedan!<\/p>\n<p><a href=\"https:\/\/www.facebook.com\/100003191907216\/videos\/3399926066790423\">https:\/\/www.facebook.com\/100003191907216\/videos\/3399926066790423<\/a><\/p>\n<p>&nbsp;<\/p>\n<p>Gudstj\u00e4nst i Korskyrkan den 8 november 2020, klicka p\u00e5 l\u00e4nken nedan!<\/p>\n<p><a href=\"https:\/\/www.facebook.com\/100003191907216\/videos\/3418919018224461\">https:\/\/www.facebook.com\/groups\/2832462093698585<\/a><\/p>\n<p>&nbsp;<\/p>\n<p>Gudstj\u00e4nst Annandag jul 26 dec. 2020 fr\u00e5n Vekhytteg\u00e5rden med fam. Josef och Maria Sj\u00f6berg.<\/p>\n<p><iframe loading=\"lazy\" title=\"Korskyrkan Annandag jul 2020 fr\u00e5n Vekhytteg\u00e5rden\" width=\"500\" height=\"281\" src=\"https:\/\/www.youtube.com\/embed\/2rWpQD0sySc?start=10&#038;feature=oembed\" frameborder=\"0\" allow=\"accelerometer; autoplay; clipboard-write; encrypted-media; gyroscope; picture-in-picture; web-share\" referrerpolicy=\"strict-origin-when-cross-origin\" allowfullscreen><\/iframe><\/p>\n<p>&nbsp;<\/p>\n","protected":false},"excerpt":{"rendered":"<p>Peter Johansson 2021-01-10 &#8212; Givandets sj\u00e4lav\u00e5rd Ett ord p\u00e5 v\u00e4gen! Del 1 &#8211; 6\/1 2021, klicka p\u00e5 l\u00e4nken nedan! Gudstj\u00e4nst i Korskyrkan, den 1 november 2020, klicka p\u00e5 l\u00e4nken nedan! https:\/\/www.facebook.com\/100003191907216\/videos\/3399926066790423 &nbsp; Gudstj\u00e4nst i Korskyrkan den 8 november 2020, klicka p\u00e5 l\u00e4nken nedan! https:\/\/www.facebook.com\/groups\/2832462093698585 &nbsp; Gudstj\u00e4nst Annandag jul 26 dec. 2020 fr\u00e5n Vekhytteg\u00e5rden med fam. [&hellip;]<\/p>\n","protected":false},"author":3,"featured_media":0,"parent":0,"menu_order":0,"comment_status":"closed","ping_status":"closed","template":"","meta":{"footnotes":""},"class_list":["post-876","page","type-page","status-publish","hentry"],"_links":{"self":[{"href":"https:\/\/www.filipstad-hallefors.se\/korskyrkan\/index.php?rest_route=\/wp\/v2\/pages\/876"}],"collection":[{"href":"https:\/\/www.filipstad-hallefors.se\/korskyrkan\/index.php?rest_route=\/wp\/v2\/pages"}],"about":[{"href":"https:\/\/www.filipstad-hallefors.se\/korskyrkan\/index.php?rest_route=\/wp\/v2\/types\/page"}],"author":[{"embeddable":true,"href":"https:\/\/www.filipstad-hallefors.se\/korskyrkan\/index.php?rest_route=\/wp\/v2\/users\/3"}],"replies":[{"embeddable":true,"href":"https:\/\/www.filipstad-hallefors.se\/korskyrkan\/index.php?rest_route=%2Fwp%2Fv2%2Fcomments&post=876"}],"version-history":[{"count":7,"href":"https:\/\/www.filipstad-hallefors.se\/korskyrkan\/index.php?rest_route=\/wp\/v2\/pages\/876\/revisions"}],"predecessor-version":[{"id":908,"href":"https:\/\/www.filipstad-hallefors.se\/korskyrkan\/index.php?rest_route=\/wp\/v2\/pages\/876\/revisions\/908"}],"wp:attachment":[{"href":"https:\/\/www.filipstad-hallefors.se\/korskyrkan\/index.php?rest_route=%2Fwp%2Fv2%2Fmedia&parent=876"}],"curies":[{"name":"wp","href":"https:\/\/api.w.org\/{rel}","templated":true}]}}

Arkiv gudstjänster

<p>Peter Johansson 2021-01-10 &#8212; Givandets själavård</p>
<p><iframe loading="lazy" title="Korskyrkan   Peter Johansson 20210110 Givandets Själavård" width="500" height="281" src="https://www.youtube.com/embed/GFE0L9l6K1M?feature=oembed" frameborder="0" allow="accelerometer; autoplay; clipboard-write; encrypted-media; gyroscope; picture-in-picture; web-share" referrerpolicy="strict-origin-when-cross-origin" allowfullscreen></iframe></p>
<p>Ett ord på vägen! Del 1 &#8211; 6/1 2021, klicka på länken nedan!</p>
<p><iframe loading="lazy" title="Ett ord på vägen del 1" width="500" height="281" src="https://www.youtube.com/embed/4Pg0fnRBXyE?feature=oembed" frameborder="0" allow="accelerometer; autoplay; clipboard-write; encrypted-media; gyroscope; picture-in-picture; web-share" referrerpolicy="strict-origin-when-cross-origin" allowfullscreen></iframe></p>
<p>Gudstjänst i Korskyrkan, den 1 november 2020, klicka på länken nedan!</p>
<p><a href="https://www.facebook.com/100003191907216/videos/3399926066790423">https://www.facebook.com/100003191907216/videos/3399926066790423</a></p>
<p>&nbsp;</p>
<p>Gudstjänst i Korskyrkan den 8 november 2020, klicka på länken nedan!</p>
<p><a href="https://www.facebook.com/100003191907216/videos/3418919018224461">https://www.facebook.com/groups/2832462093698585</a></p>
<p>&nbsp;</p>
<p>Gudstjänst Annandag jul 26 dec. 2020 från Vekhyttegården med fam. Josef och Maria Sjöberg.</p>
<p><iframe loading="lazy" title="Korskyrkan Annandag jul 2020 från Vekhyttegården" width="500" height="281" src="https://www.youtube.com/embed/2rWpQD0sySc?start=10&#038;feature=oembed" frameborder="0" allow="accelerometer; autoplay; clipboard-write; encrypted-media; gyroscope; picture-in-picture; web-share" referrerpolicy="strict-origin-when-cross-origin" allowfullscreen></iframe></p>
<p>&nbsp;</p>

<p>Peter Johansson 2021-01-10 &#8212; Givandets själavård Ett ord på vägen! Del 1 &#8211; 6/1 2021, klicka på länken nedan! Gudstjänst i Korskyrkan, den 1 november 2020, klicka på länken nedan! https://www.facebook.com/100003191907216/videos/3399926066790423 &nbsp; Gudstjänst i Korskyrkan den 8 november 2020, klicka på länken nedan! https://www.facebook.com/groups/2832462093698585 &nbsp; Gudstjänst Annandag jul 26 dec. 2020 från Vekhyttegården med fam. [&hellip;]</p>
